mon divisor of v and 50.
10
Let z be (-2)/8 + (-498)/(-8). Suppose -3 - z = -o. Calculate the highest common factor of 26 and o.
13
Let u(q) = 2*q**2 - 19*q - 2. Let y be u(10). Calculate the greatest common factor of y and 184.
8
Suppose 1 = -q + 3*r - 0, 29 = -2*q - 3*r. Let v be (-78)/q + (-3)/(-15). Calculate the highest common factor of v and 8.
8
Suppose 6*k - 3*k = 36. Let b(s) = s**3 - 5*s**2 + 5*s + 4. Let d be b(4). Calculate the highest common divisor of d and k.
4
Suppose z + 0*z + 2 = -3*g, 0 = -3*z + g - 16. Let i(d) = -3*d - 4. Let f be i(z). Calculate the greatest common divisor of 77 and f.
11
Let i = 16 - 4. Let o be (2/(-3))/(4/(-24)). Suppose o*c - 324 = -0*f + 4*f, 0 = 3*c + 4*f - 264. Calculate the greatest common factor of c and i.
12
Let k(j) = -j**2 - 3*j + 3. Let w be k(-4). Let f = 13 + w. Calculate the highest common divisor of f and 108.
12
Let m = -2 + 4. Let s be ((-24)/5)/(m/(-10)). Calculate the highest common divisor of 3 and s.
3
Suppose 2*y = 5*p + 90, -4*p - 86 = y - 3*y. Calculate the greatest common divisor of y and 245.
35
Let h(r) = r**3 - 19*r**2 + 20*r - 27. Let g be h(18). Let w be 856/36 + 2/g. Calculate the greatest common divisor of 168 and w.
24
Let o(r) = 98*r - 2. Suppose 0 = -5*a + 5*f - 10, 0 = 3*f - 5 - 4. Let b be o(a). What is the highest common divisor of 16 and b?
16
Suppose 5*o - m - 226 = 0, -o + 137 = 2*o - 2*m. Suppose -5*n + o = 5*f, 3*f = 3*n + 22 - 1. Calculate the greatest common divisor of f and 56.
8
Let p(u) = u**2 + 3*u + 96. Let s be p(0). What is the greatest common divisor of 48 and s?
48
Suppose 0*k = 3*k - 84. Calculate the highest common divisor of 4 and k.
4
Let b be (4/3)/((-4)/(-660)). Suppose 0 = -4*v - o + b, -2*o - 85 - 80 = -3*v. Let j = 5 + 17. What is the highest common factor of j and v?
11
Suppose 4*k + 30 = -18. Let i = k - -24. Suppose -30*y = -35*y + 90. Calculate the highest common divisor of i and y.
6
Let s(x) = -x**3 + 10*x**2 - 9*x + 5. Let f be s(9). What is the highest common factor of 2 and f?
1
Let s(u) = -2*u + 8. Let c be s(6). Let d(b) = -2*b + 5. Let n be d(c). What is the highest common factor of 39 and n?
13
Let j be ((-1)/(-2))/((-4)/(-264)). What is the highest common factor of j and 11?
11
Let j(k) = -3 + 2 + 2*k - 3. Let r be j(9). What is the greatest common factor of 42 and r?
14
Suppose 0 = -a + 4*l, a - 4*l + 2*l - 2 = 0. Suppose a*t + 20 = -t. Let c be (14/t)/(2/(-16)). What is the highest common factor of 4 and c?
4
Let a(u) = 20 - u - 6*u + 4*u + u**2 - 9*u. Let x be a(14). Suppose -8*h + l = -3*h - 30, -2*h = 2*l - 12. What is the highest common factor of h and x?
6
Let q(d) = 120*d**2 + d - 1. Suppose s - 3*s - 5*o + 2 = 0, -s + 2*o = -1. Let p be q(s). What is the greatest common factor of 15 and p?
15
Let d = -5 + 9. Let x = -64 - -46. Let q = x - -26. Calculate the greatest common divisor of q and d.
4
Suppose y + 10 - 53 = 5*j, -2*j - 77 = -3*y. Suppose 4*q - y = 5*p, q + 5*p = -0*q + 37. What is the highest common divisor of 12 and q?
12
Let v be 2/6*(16 + -4). Suppose -i + 9 = 3*m, v*m + 1 + 3 = 0. Calculate the greatest common factor of 108 and i.
12
Suppose -z - 11 = -13. Suppose -k + 15 = 4*n, -k = 3*n - z*n. What is the highest common factor of n and 20?
5
Let q be ((-2)/(-6))/((-2)/42). Let f(x) = 2*x**2 - 8*x + 6. Let j be f(q). Calculate the highest common divisor of j and 20.
20
Suppose -9*l + 55 = -8*l. What is the highest common divisor of l and 11?
11
Suppose 2*j + g = 4, -6 + 2 = -5*j - g. Let n(c) = c + 7. Let t be n(j). Let v(a) = -15*a + 3. Let r be v(-4). Calculate the greatest common factor of t and r.
7
Suppose -3*r - 58 = -4*p, 2*p - 3*r - 9 = 17. Calculate the greatest common factor of p and 32.
16
Let l(a) = 3*a - 20. Let j be l(9). What is the highest common divisor of 1 and j?
1
Suppose 5*y = 413 + 307. Let u be (0 - 5/2)*-6. Let h be -1 + 2 + u + 2. Calculate the greatest common divisor of y and h.
18
Let f = -24 - -40. Suppose -3*c + 4*c - 8 = 0. What is the highest common divisor of c and f?
8
Suppose 3*y - 267 = 4*g - g, -2*g + 92 = y. Let t be (-19)/(-2) + (-2)/(-4). Calculate the highest common factor of t and y.
10
Let y = -9 + 18. Calculate the highest common factor of y and 90.
9
Suppose -p - 5*u = -0*u - 10, 4*u = -3*p + 19. Let t(m) = -m**2 + 7*m. Let k be t(p). Calculate the highest common factor of k and 70.
10
Let m = 2 + 2. Suppose -5*f - m*b + 0*b + 622 = 0, -4*f - 5*b + 494 = 0. Let u be (21/(-2))/(3/(-4)). What is the greatest common factor of f and u?
14
Let q(n) = -n**3 - 2*n**2 + 4*n - 5. Let p be q(-5). What is the greatest common divisor of p and 20?
10
Let m be ((-135)/36)/((-2)/(-144)*-2). Calculate the greatest common divisor of 54 and m.
27
Let v = -4 + 6. Suppose 4*n - 26 = -2*t + 36, 2*t - 26 = -v*n. Calculate the greatest common divisor of 162 and n.
18
Let s be 2/5 + (-2592)/(-20). What is the highest common divisor of 26 and s?
26
Let n(h) = h**2 - 17*h + 56. Let j be n(18). What is the highest common factor of j and 185?
37
Suppose -6*o = -2*o. Suppose o*g = -2*g + 6. Suppose -4*n = 5*y - 524 + 138, g*y + n = 233. Calculate the greatest common divisor of 26 and y.
26
Let s be 20/8*(-20)/(-25). Calculate the highest common factor of s and 1.
1
Let a(t) = -3*t**2 + 1. Let v be a(-1). Let o be 18 - (2 + v/(-2)). Suppose 1 = m - 2. What is the highest common divisor of m and o?
3
Suppose v + 76 = 3*v. Calculate the greatest common divisor of 95 and v.
19
Suppose -8*p - 90 = -9*p. Calculate the highest common divisor of p and 18.
18
Let m(v) = -v**2 - 22*v - 50. Let p be m(-18). What is the greatest common divisor of p and 44?
22
Suppose -6*a = -g - 3*a + 97, 0 = -2*g - 5*a + 249. Calculate the greatest common divisor of g and 28.
28
Let u = 9 + -6. Suppose 2*o - 2*w = w + 212, -o - 4*w + 84 = 0. Suppose -4*g + 456 = 2*h + u*h, -h = 3*g - o. What is the greatest common divisor of 8 and h?
8
Let x(l) = -l**2 + 4*l - 2. Let t be x(3). Let i be (-2)/(-4) + t/2. Let u be (i*2*33)/2. What is the highest common factor of 11 and u?
11
Suppose -16 = p - 0. Let s be ((-44)/p)/((-1)/(-4)). Suppose -43 = 4*v - 395. What is the greatest common divisor of v and s?
11
Let f = -9 - -13. Suppose -246 = -f*l - 78. Let c be (-6)/(-5)*10/2. Calculate the greatest common factor of c and l.
6
Suppose 7*a + 5*g + 204 = 8*a, -2*g - 384 = -2*a. Calculate the greatest common factor of 21 and a.
21
Let h(v) = v + 7. Let k be h(0). Let y(r) = -r**3 + 4*r**2 - r - 1. Let d be y(3). Suppose -20 = -d*x + 15. Calculate the greatest common factor of k and x.
7
Suppose -8*h = -3*h - 10. Suppose -6*p + 28 = -2*p. Suppose h*x + 50 = p*x. What is the greatest common divisor of 30 and x?
10
Suppose -d + 50 = -2*b, -2*d + 2*b = -5*d + 126. Let k be 22/(-4)*-2*1. Calculate the greatest common divisor of d and k.
11
Let q = 6 - 4. Let k be (-53)/(-3) - q/(-6). Suppose 0 = -2*m - 2*j + 297 + 19, m = 5*j + 182. What is the highest common divisor of m and k?
18
Let o be (-4)/(-6) - (-2)/(-3). Suppose 4*x + 5*m - 11 = o, 0 = 3*x + m - 6*m - 52. Suppose -39 = -z + x. Calculate the greatest common factor of z and 6.
6
Suppose 0 = 8*h + 3*h - 572. What is the highest common factor of 39 and h?
13
Suppose -x + 0 = -7. Let r = x + 3. What is the highest common factor of 4 and r?
2
Let s(w) = -w**2 + 9*w - 18. Let k be s(5). Calculate the highest common divisor of 20 and k.
2
Let l = 0 + 1. Let c(m) be the first derivative of m**4/4 + 10*m**3/3 + 9*m**2/2 + 5*m - 2. Let f be c(-9). What is the highest common factor of f and l?
1
Suppose 12*i = 173 + 67. What is the highest common divisor of 4 and i?
4
Let q be (-702)/(-48) + (-6)/(-16). What is the highest common factor of q and 75?
15
Let s be 12/(-16) + 1 + 439/4. Calculate the highest common divisor of s and 22.
22
Let r be (0 + 3)/(6/4). Suppose a - r = 1. Suppose -3*u + 76 = 2*c + u, -a*c = 4*u - 118. What is the highest common divisor of c and 6?
6
Suppose -5*c + 2*y + 28 = -0*y, 0 = 5*c - 3*y - 27. Calculate the greatest common divisor of c and 18.
6
Let q(k) = 16*k - 32. Let w be q(7). What is the greatest common factor of 10 and w?
10
Let z = 106 - 34. Calculate the greatest common factor of z and 96.
24
Suppose -j - 7 = 3*m, -j + 7 = -5*j - 5*m. Let n = 21 